ided by 22.
21
Let w be -2*(-3)/(-15) - (-156)/15. Let c(m) = -m**2 + 21*m - 14. Let q be c(w). Let b = q + 31. What is the remainder when b is divided by 43?
41
Let v(d) = d**3 - 5*d**2 + 11*d - 5. Let z be v(5). Let u = z + -64. Let l = 115 - u. What is the remainder when l is divided by 26?
25
Let f = -3119 - -3160. What is the remainder when 566 is divided by f?
33
Let d = -3639 - -6727. Suppose d = -81*q + 89*q. What is the remainder when q is divided by 15?
11
Let k = -47 - -50. Suppose 21*l - 18*l - 27 = 0. Calculate the remainder when (3/(-6))/((-3)/34)*k is divided by l.
8
Let w = -117 + 120. Let f = -23 + 33. What is the remainder when (10/(-20))/(w/(-474)) is divided by f?
9
Suppose 2*u - 54 = -3*g, -2*u + 54 = -0*u - g. Let f be (-2 - 2)/((-20)/270). Let p = f + -2. What is the remainder when p is divided by u?
25
Let o be (80/(-50))/(2/(-5)). Suppose 0 = -4*t - k + 682, 0*k = -o*k + 8. Let x = -87 + t. What is the remainder when x is divided by 12?
11
Calculate the remainder when (-1 - (-27665)/25)/(2/15) is divided by 58.
56
Let v(a) = -a**3 + 24*a**2 + 54*a + 148. Calculate the remainder when v(26) is divided by 29.
26
Let c be (-1 - -2)/((-9)/(-1620)). Suppose 0*n = 12*n + c. Let w(r) = -5*r - 49. What is the remainder when 46 is divided by w(n)?
20
Suppose -26323 = -27*o - 2833. What is the remainder when o is divided by 44?
34
Suppose g + 5*u = -3 + 161, 4*u = -4*g + 584. Suppose 3*q = 5*d - g, 19*d + 2*q - 70 = 17*d. Calculate the remainder when 116 is divided by d.
23
Suppose 2*v + 34829 = 17*v + 14*v. What is the remainder when v is divided by 204?
181
Let f = -270911 + 270925. Suppose 43 = 2*p - a, -p + 90 = 3*p + 2*a. Calculate the remainder when p is divided by f.
8
Let p = -525 - -943. Suppose -p*a + 26 = -416*a. What is the remainder when -4 + 1 + (-159)/(-3) is divided by a?
11
Suppose 5*r + 3*d + 22 = 882, -2*d = -4*r + 710. Calculate the remainder when 5071 is divided by r.
171
Let a = -9614 + 10488. Calculate the remainder when a is divided by 60.
34
Let u be ((-252)/27)/14 - (-2)/3. Suppose u = 68*s - 16*s - 572. What is the remainder when 49 is divided by s?
5
Let z = -8 + 5. Let t(w) = -w**3 + w**2 + 11*w - 3. Let x be t(z). Calculate the remainder when 22 is divided by ((-32)/12)/((3 - x)/(-9)).
6
Let a be 10/45 - 50/(-18). Let s(p) = p**3 + p**2 - 15*p + 36. What is the remainder when s(4) is divided by 3/(27/60)*a?
16
Let f(m) = -2*m. Let x(d) = -8*d - 11. Let n(o) = -4*f(o) - x(o). Calculate the remainder when 171 is divided by n(3).
53
Suppose -1658*u = -1649*u - 279. Suppose -5*k = 3*f - 146, 0*f = -4*f - 5*k + 188. What is the remainder when f is divided by u?
11
Let h = 15223 + -14830. Calculate the remainder when h is divided by 132.
129
Let d(r) = 2*r**3 - 2*r**2 - 9*r + 7. Let k be d(3). Suppose -z = k*z - 1054. Calculate the remainder when z is divided by 7.
6
Let l = -610 - -1236. Let b = -342 + l. What is the remainder when b is divided by (2/3)/(400/(-75)) + (-329)/(-8)?
38
Let d(c) = 3*c**2 - 496*c + 1269. What is the remainder when 2940 is divided by d(163)?
124
Let f be 3/6*(-12)/(-1 - 0). Calculate the remainder when 117 is divided by (750/(-175))/(f/(-56)).
37
Let k be (4/(-12))/((-1)/6). Suppose -4 = -k*a + 18. What is the remainder when (171/(-15))/(105/(-350)) is divided by a?
5
Let h be (-48)/(-2) - 4 - 6. Suppose h*a - 10*a = 156. Calculate the remainder when 114 is divided by a.
36
Let g(w) be the second derivative of -28*w**5/5 + w**4/12 - 15*w + 1. Calculate the remainder when g(-1) is divided by 39.
35
Let b(w) = 4*w**3 - 59*w**2 + 11*w + 10. What is the remainder when b(16) is divided by 113?
110
Let q = 412 + 35. What is the remainder when q is divided by (-4)/30 + 72150/1125?
63
Suppose -z - 4 = -8. Suppose k = -z*k + 4*g + 12, 5*k - 26 = -3*g. Suppose w = u - 2 - 9, -72 = -k*u - 3*w. Calculate the remainder when 57 is divided by u.
12
Suppose 130*w = 242 + 278. Suppose -3*u + 5*u + 10 = 5*o, 0 = -2*o + 2*u + 10. Suppose -w*d = -o*d - 188. What is the remainder when d is divided by 12?
11
Let c(r) = -2*r + 4. Let g be c(8). Let s(u) = -u**3 + 5*u**2 + 7. What is the remainder when (g/14 + 0)/((-7)/147) is divided by s(5)?
4
Calculate the remainder when 36/6 - ((-970)/8)/((-11)/(-44)) is divided by 123.
122
Suppose 5*r - 3*n - 6733 = 0, -4*n - 33599 = -12*r - 13*r. What is the remainder when r is divided by 54?
47
Suppose 0 = 5*i - 5*o - 150, -2*i + 0*i + o + 60 = 0. Calculate the remainder when (-176)/(-2*2) - (-10 + 8) is divided by i.
16
Let i(j) = -j**2 - j + 9. Let g be i(-3). Suppose -2*x = 5*o - 100, g*o - 2*o + 223 = 5*x. What is the remainder when 173 is divided by x?
38
Suppose 4*t - 2*i = 118, 3*t + i = t + 69. What is the remainder when -2 - -1 - (2*224)/(-4) is divided by t?
15
Calculate the remainder when (899/87)/((-8)/(-480)) is divided by 89.
86
Suppose 0 = -3*i + 6, -406 = -d - 3*d - 5*i. Suppose 1533*g - 1526*g = 140. Calculate the remainder when d is divided by g.
19
Suppose -10*x + 11*x - 7185 = -3*u, 0 = 2*x - 3*u - 14352. What is the remainder when x is divided by 189?
186
Let l(g) = -2*g**2 + 91*g - 313. What is the remainder when 175 is divided by l(5)?
83
Suppose 97*p + 21865 - 59986 = 0. Calculate the remainder when 1578 is divided by p.
6
Let q = 20 + 2. Suppose 25249 = 254*d + 3405. Calculate the remainder when d is divided by q.
20
Let a(j) = 919*j + 47. Let s be a(7). Suppose -6*y + 26*y - s = 0. Calculate the remainder when y is divided by 47.
42
Suppose 2*y = -h + 73, -2*h + 101 + 49 = 3*y. What is the remainder when 4372 is divided by h?
79
Let s = -9452 + 9573. Calculate the remainder when s is divided by 34.
19
Suppose -12*q + 20*q = 4120. Suppose -4*u + 227 = -3*z + 652, -4*z + q = 5*u. What is the remainder when z is divided by 17?
16
Let n be 232/6 - (5 - 50/15). What is the remainder when (-3 + 2 + n)/1 is divided by 10?
6
Suppose -13*k + 84 = k. Suppose k - 2 = -v, -5*x + 509 = -v. What is the remainder when x is divided by 21?
17
Let q(m) = -13*m - 224. Let o(i) = 5*i + 75. Let f(l) = 17*o(l) + 6*q(l). Calculate the remainder when 4 is divided by f(10).
0
Let d be 6/(-2)*(-1)/1. Let j = d - -9. Calculate the remainder when j is divided by (-330)/80*(-48)/18.
1
Let f(x) = 27*x + 2423. Calculate the remainder when f(-76) is divided by 26.
7
Let w = 4645 + -4588. Calculate the remainder when 364 is divided by w.
22
Calculate the remainder when 624 is divided by 24 - -26 - (6 - 1).
39
Suppose 2*k - 2*z = 864, -18*k + 16*k = -5*z - 849. What is the remainder when k is divided by 5?
2
Let m(u) = 24*u**2 + 11*u + 21. Let s(n) = 4*n**2 + 41*n + 54. Calculate the remainder when m(7) is divided by s(-10).
42
Suppose 336 = 2*j - 2*x - 308, -4*j + 1312 = 4*x. What is the remainder when j is divided by 165?
160
Let t = 19891 - 19539. What is the remainder when 363 is divided by t?
11
Suppose 1782 - 342 = 20*b. Suppose -5*n + 4*r - 50 = 0, 3*n + 0*r = 4*r - 38. Calculate the remainder when b is divided by (-2 - 21/n)*10.
12
Let p = 14954 + -14801. What is the remainder when 4587 is divided by p?
150
Let f = -42823 - -42858. What is the remainder when 211 is divided by f?
1
Let b = 55 + 178. Let x = b - 205. What is the remainder when 110 is divided by x?
26
Let z(r) = -99*r. Let m be (-12)/(-6) + -1 + (-2)/1. Suppose -14 - 61 = -3*q. What is the remainder when z(m) is divided by q?
24
Suppose 0 = -19*v + 4581 + 5622. Let l = 575 - v. What is the remainder when l is divided by 28?
10
Suppose 560 = -5*l + 8*u - 3*u, -562 = 5*l - 3*u. Let b = l + 210. Suppose b = -4*d + 5*d. Calculate the remainder when d is divided by 25.
22
Suppose -60 = 6*o - 0. Calculate the remainder when ((-16962)/(-5))/11 + 4/o is divided by 39.
35
Suppose -8*h - 25 = -49. What is the remainder when 5 is divided by h?
2
Suppose 1423 = t + 4*t - 4*a, 4*t + 4*a = 1088. Calculate the remainder when t is divided by 11.
4
Let m be (-808)/(-14) + 22/77. Suppose -22*i = 327 + 487. Let h = m + i. Calculate the remainder when h is divided by 7.
0
Let m(p) = 168*p + 1057. What is the remainder when 332 is divided by m(-6)?
38
Let k = -112 + -441. Let o = -416 - k. Calculate the remainder when o is divided by 72.
65
Let a = 173 + -289. Let d = a - -79. Let i = d + 53. What is the remainde